/*
SQLyog Community
MySQL - 5.5.20-log : Database - predictionweb
*********************************************************************
*/

/*!40101 SET NAMES utf8 */;

/*!40101 SET SQL_MODE=''*/;

/*!40014 SET @OLD_UNIQUE_CHECKS=@@UNIQUE_CHECKS, UNIQUE_CHECKS=0 */;
/*!40014 SET @OLD_FOREIGN_KEY_CHECKS=@@FOREIGN_KEY_CHECKS, FOREIGN_KEY_CHECKS=0 */;
/*!40101 SET @OLD_SQL_MODE=@@SQL_MODE, SQL_MODE='NO_AUTO_VALUE_ON_ZERO' */;
/*!40111 SET @OLD_SQL_NOTES=@@SQL_NOTES, SQL_NOTES=0 */;
/*Data for the table `cat_operador` */

insert  into `cat_operador`(`id`,`nombre`,`licencia`,`rfc`,`id_sat_tipofigura`,`status`) values (1,'RAUL LEON LIMON','12332244','LELR780805DK6','01',1);

/*Data for the table `cat_vehiculo` */

insert  into `cat_vehiculo`(`id`,`descripcion`,`modelo`,`placa`,`peso`,`aseguradora`,`poliza`,`id_sat_configvehicular`,`id_sat_tipopermisosct`,`status`) values (1,'SAVEIRO GENESIS',2022,'DSZ9922',1038.00,'SEGUROS AXA SA DE CV','11223574','VL',NULL,1);

/*Data for the table `sat_configvehicular` */

insert  into `sat_configvehicular`(`id`,`descripcion`,`ejes`,`llantas`,`remolque`,`orden`,`status`) values ('C2','Camión Unitario (2 llantas en el eje delantero y 4 llantas en el eje trasero)','2','6','0\r',2,1);
insert  into `sat_configvehicular`(`id`,`descripcion`,`ejes`,`llantas`,`remolque`,`orden`,`status`) values ('C2R2','Camión-Remolque (6 llantas en el camión y 8 llantas en remolque)','4','14','1\r',3,1);
insert  into `sat_configvehicular`(`id`,`descripcion`,`ejes`,`llantas`,`remolque`,`orden`,`status`) values ('C2R3','Camión-Remolque (6 llantas en el camión y 12 llantas en remolque)','5','18','1\r',4,1);
insert  into `sat_configvehicular`(`id`,`descripcion`,`ejes`,`llantas`,`remolque`,`orden`,`status`) values ('C3','Camión Unitario (2 llantas en el eje delantero y 6 o 8 llantas en los dos ejes traseros)','3','8 o 10','0\r',5,1);
insert  into `sat_configvehicular`(`id`,`descripcion`,`ejes`,`llantas`,`remolque`,`orden`,`status`) values ('C3R2','Camión-Remolque (10 llantas en el camión y 8 llantas en remolque)','5','18','1\r',6,1);
insert  into `sat_configvehicular`(`id`,`descripcion`,`ejes`,`llantas`,`remolque`,`orden`,`status`) values ('C3R3','Camión-Remolque (10 llantas en el camión y 12 llantas en remolque)','6','22','1\r',7,1);
insert  into `sat_configvehicular`(`id`,`descripcion`,`ejes`,`llantas`,`remolque`,`orden`,`status`) values ('GPLATA','Grúa de Plataforma Tipo A','','','0\r',8,1);
insert  into `sat_configvehicular`(`id`,`descripcion`,`ejes`,`llantas`,`remolque`,`orden`,`status`) values ('GPLATB','Grúa de Plataforma Tipo B','','','0\r',9,1);
insert  into `sat_configvehicular`(`id`,`descripcion`,`ejes`,`llantas`,`remolque`,`orden`,`status`) values ('GPLATC','Grúa de Plataforma Tipo C','','','0\r',10,1);
insert  into `sat_configvehicular`(`id`,`descripcion`,`ejes`,`llantas`,`remolque`,`orden`,`status`) values ('GPLATD','Grúa de Plataforma Tipo D','','','0',11,1);
insert  into `sat_configvehicular`(`id`,`descripcion`,`ejes`,`llantas`,`remolque`,`orden`,`status`) values ('GPLUTA','Grúa de Pluma Tipo A','','','0\r',12,1);
insert  into `sat_configvehicular`(`id`,`descripcion`,`ejes`,`llantas`,`remolque`,`orden`,`status`) values ('GPLUTB','Grúa de Pluma Tipo B','','','0\r',13,1);
insert  into `sat_configvehicular`(`id`,`descripcion`,`ejes`,`llantas`,`remolque`,`orden`,`status`) values ('GPLUTC','Grúa de Pluma Tipo C','','','0\r',14,1);
insert  into `sat_configvehicular`(`id`,`descripcion`,`ejes`,`llantas`,`remolque`,`orden`,`status`) values ('GPLUTD','Grúa de Pluma Tipo D','','','0\r',15,1);
insert  into `sat_configvehicular`(`id`,`descripcion`,`ejes`,`llantas`,`remolque`,`orden`,`status`) values ('OTROEVGP','Especializado de carga Voluminosa y/o Gran Peso','','','0 1\r',16,1);
insert  into `sat_configvehicular`(`id`,`descripcion`,`ejes`,`llantas`,`remolque`,`orden`,`status`) values ('OTROSG','Servicio de Grúas','','','0\r',17,1);
insert  into `sat_configvehicular`(`id`,`descripcion`,`ejes`,`llantas`,`remolque`,`orden`,`status`) values ('T2S1','Tractocamión Articulado (6 llantas en el tractocamión 4 llantas en el semirremolque)','3','10','1\r',18,1);
insert  into `sat_configvehicular`(`id`,`descripcion`,`ejes`,`llantas`,`remolque`,`orden`,`status`) values ('T2S1R2','Tractocamión Semirremolque-Remolque (6 llantas en el tractocamión 4 llantas en el semirremolque y 8 llantas en el remolque)','5','18','1\r',19,1);
insert  into `sat_configvehicular`(`id`,`descripcion`,`ejes`,`llantas`,`remolque`,`orden`,`status`) values ('T2S1R3','Tractocamión Semirremolque-Remolque (6 llantas en el tractocamión 4 llantas en el semirremolque y 12 llantas en el remolque)','6','22','1\r',20,1);
insert  into `sat_configvehicular`(`id`,`descripcion`,`ejes`,`llantas`,`remolque`,`orden`,`status`) values ('T2S2','Tractocamión Articulado (6 llantas en el tractocamión 8 llantas en el semirremolque)','4','14','1\r',21,1);
insert  into `sat_configvehicular`(`id`,`descripcion`,`ejes`,`llantas`,`remolque`,`orden`,`status`) values ('T2S2R2','Tractocamión Semirremolque-Remolque (6 llantas en el tractocamión 8 llantas en el semirremolque y 8 llantas en el remolque)','6','22','1\r',22,1);
insert  into `sat_configvehicular`(`id`,`descripcion`,`ejes`,`llantas`,`remolque`,`orden`,`status`) values ('T2S2S2','Tractocamión Semirremolque-Semirremolque (6 llantas en el tractocamión 8 llantas en el semirremolque delantero y 8 llantas en el semirremolque trasero)','6','22','1\r',23,1);
insert  into `sat_configvehicular`(`id`,`descripcion`,`ejes`,`llantas`,`remolque`,`orden`,`status`) values ('T2S3','Tractocamión Articulado (6 llantas en el tractocamión 12 llantas en el semirremolque)','5','18','1\r',24,1);
insert  into `sat_configvehicular`(`id`,`descripcion`,`ejes`,`llantas`,`remolque`,`orden`,`status`) values ('T3S1','Tractocamión Articulado (10 llantas en el tractocamión 4 llantas en el semirremolque)','4','14','1\r',25,1);
insert  into `sat_configvehicular`(`id`,`descripcion`,`ejes`,`llantas`,`remolque`,`orden`,`status`) values ('T3S1R2','Tractocamión Semirremolque-Remolque (10 llantas en el tractocamión 4 llantas en el semirremolque y 8 llantas en el remolque)','6','22','1\r',26,1);
insert  into `sat_configvehicular`(`id`,`descripcion`,`ejes`,`llantas`,`remolque`,`orden`,`status`) values ('T3S1R3','Tractocamión Semirremolque-Remolque (10 llantas en el tractocamión 4 llantas en el semirremolque y 12 llantas en el remolque)','7','26','1\r',27,1);
insert  into `sat_configvehicular`(`id`,`descripcion`,`ejes`,`llantas`,`remolque`,`orden`,`status`) values ('T3S2','Tractocamión Articulado (10 llantas en el tractocamión 8 llantas en el semirremolque)','5','18','1\r',28,1);
insert  into `sat_configvehicular`(`id`,`descripcion`,`ejes`,`llantas`,`remolque`,`orden`,`status`) values ('T3S2R2','Tractocamión Semirremolque-Remolque (10 llantas en el tractocamión 8 llantas en el semirremolque y 8 llantas en el remolque)','7','26','1\r',29,1);
insert  into `sat_configvehicular`(`id`,`descripcion`,`ejes`,`llantas`,`remolque`,`orden`,`status`) values ('T3S2R3','Tractocamión Semirremolque-Remolque (10 llantas en el tractocamión 8 llantas en el semirremolque y 12 llantas en el remolque)','8','30','1\r',30,1);
insert  into `sat_configvehicular`(`id`,`descripcion`,`ejes`,`llantas`,`remolque`,`orden`,`status`) values ('T3S2R4','Tractocamión Semirremolque-Remolque (10 llantas en el tractocamión 8 llantas en el semirremolque y 16 llantas en el remolque)','9','34','1\r',31,1);
insert  into `sat_configvehicular`(`id`,`descripcion`,`ejes`,`llantas`,`remolque`,`orden`,`status`) values ('T3S2S2','Tractocamión Semirremolque-Semirremolque (10 llantas en el tractocamión 8 llantas en el semirremolque delantero y 8 llantas en el semirremolque trasero)','7','26','1\r',32,1);
insert  into `sat_configvehicular`(`id`,`descripcion`,`ejes`,`llantas`,`remolque`,`orden`,`status`) values ('T3S3','Tractocamión Articulado (10 llantas en el tractocamión 12 llantas en el semirremolque)','6','22','1\r',33,1);
insert  into `sat_configvehicular`(`id`,`descripcion`,`ejes`,`llantas`,`remolque`,`orden`,`status`) values ('T3S3S2','Tractocamión Semirremolque-Semirremolque (10 llantas en el tractocamión 12 llantas en el semirremolque delantero y 8 llantas en el semirremolque trasero)','8','30','1\r',34,1);
insert  into `sat_configvehicular`(`id`,`descripcion`,`ejes`,`llantas`,`remolque`,`orden`,`status`) values ('VL','Vehículo ligero de carga (2 llantas en el eje delantero y 2 llantas en el eje trasero)','2','4','0 1\r',1,1);

/*Data for the table `sat_estado` */

insert  into `sat_estado`(`id`,`id_sat_pais`,`descripcion`,`status`) values ('AB','CAN',' Alberta\r',1);
insert  into `sat_estado`(`id`,`id_sat_pais`,`descripcion`,`status`) values ('AGU','MEX','Aguascalientes\r',1);
insert  into `sat_estado`(`id`,`id_sat_pais`,`descripcion`,`status`) values ('AK','USA','Alaska\r',1);
insert  into `sat_estado`(`id`,`id_sat_pais`,`descripcion`,`status`) values ('AL','USA','Alabama\r',1);
insert  into `sat_estado`(`id`,`id_sat_pais`,`descripcion`,`status`) values ('AR','USA','Arkansas\r',1);
insert  into `sat_estado`(`id`,`id_sat_pais`,`descripcion`,`status`) values ('AZ','USA','Arizona\r',1);
insert  into `sat_estado`(`id`,`id_sat_pais`,`descripcion`,`status`) values ('BC','CAN',' Columbia Britanica\r',1);
insert  into `sat_estado`(`id`,`id_sat_pais`,`descripcion`,`status`) values ('BCN','MEX','Baja California\r',1);
insert  into `sat_estado`(`id`,`id_sat_pais`,`descripcion`,`status`) values ('BCS','MEX','Baja California Sur\r',1);
insert  into `sat_estado`(`id`,`id_sat_pais`,`descripcion`,`status`) values ('CA','USA','California\r',1);
insert  into `sat_estado`(`id`,`id_sat_pais`,`descripcion`,`status`) values ('CAM','MEX','Campeche\r',1);
insert  into `sat_estado`(`id`,`id_sat_pais`,`descripcion`,`status`) values ('CHH','MEX','Chihuahua\r',1);
insert  into `sat_estado`(`id`,`id_sat_pais`,`descripcion`,`status`) values ('CHP','MEX','Chiapas\r',1);
insert  into `sat_estado`(`id`,`id_sat_pais`,`descripcion`,`status`) values ('CMX','MEX','Ciudad de Mexico\r',1);
insert  into `sat_estado`(`id`,`id_sat_pais`,`descripcion`,`status`) values ('CO','USA','Colorado\r',1);
insert  into `sat_estado`(`id`,`id_sat_pais`,`descripcion`,`status`) values ('COA','MEX','Coahuila\r',1);
insert  into `sat_estado`(`id`,`id_sat_pais`,`descripcion`,`status`) values ('COL','MEX','Colima\r',1);
insert  into `sat_estado`(`id`,`id_sat_pais`,`descripcion`,`status`) values ('CT','USA','Connecticut\r',1);
insert  into `sat_estado`(`id`,`id_sat_pais`,`descripcion`,`status`) values ('DE','USA','Delaware\r',1);
insert  into `sat_estado`(`id`,`id_sat_pais`,`descripcion`,`status`) values ('DUR','MEX','Durango\r',1);
insert  into `sat_estado`(`id`,`id_sat_pais`,`descripcion`,`status`) values ('FL','USA','Florida\r',1);
insert  into `sat_estado`(`id`,`id_sat_pais`,`descripcion`,`status`) values ('GA','USA','Georgia\r',1);
insert  into `sat_estado`(`id`,`id_sat_pais`,`descripcion`,`status`) values ('GRO','MEX','Guerrero\r',1);
insert  into `sat_estado`(`id`,`id_sat_pais`,`descripcion`,`status`) values ('GUA','MEX','Guanajuato\r',1);
insert  into `sat_estado`(`id`,`id_sat_pais`,`descripcion`,`status`) values ('HI','USA','Hawai\r',1);
insert  into `sat_estado`(`id`,`id_sat_pais`,`descripcion`,`status`) values ('HID','MEX','Hidalgo\r',1);
insert  into `sat_estado`(`id`,`id_sat_pais`,`descripcion`,`status`) values ('IA','USA','Iowa\r',1);
insert  into `sat_estado`(`id`,`id_sat_pais`,`descripcion`,`status`) values ('ID','USA','Idaho\r',1);
insert  into `sat_estado`(`id`,`id_sat_pais`,`descripcion`,`status`) values ('IL','USA','Illinois\r',1);
insert  into `sat_estado`(`id`,`id_sat_pais`,`descripcion`,`status`) values ('IN','USA','Indiana\r',1);
insert  into `sat_estado`(`id`,`id_sat_pais`,`descripcion`,`status`) values ('JAL','MEX','Jalisco\r',1);
insert  into `sat_estado`(`id`,`id_sat_pais`,`descripcion`,`status`) values ('KS','USA','Kansas\r',1);
insert  into `sat_estado`(`id`,`id_sat_pais`,`descripcion`,`status`) values ('KY','USA','Kentucky\r',1);
insert  into `sat_estado`(`id`,`id_sat_pais`,`descripcion`,`status`) values ('LA','USA','Luisiana\r',1);
insert  into `sat_estado`(`id`,`id_sat_pais`,`descripcion`,`status`) values ('MA','USA','Massachusetts\r',1);
insert  into `sat_estado`(`id`,`id_sat_pais`,`descripcion`,`status`) values ('MB','CAN',' Manitoba\r',1);
insert  into `sat_estado`(`id`,`id_sat_pais`,`descripcion`,`status`) values ('MD','USA','Maryland\r',1);
insert  into `sat_estado`(`id`,`id_sat_pais`,`descripcion`,`status`) values ('ME','USA','Maine\r',1);
insert  into `sat_estado`(`id`,`id_sat_pais`,`descripcion`,`status`) values ('MEX','MEX','Estado de Mexico\r',1);
insert  into `sat_estado`(`id`,`id_sat_pais`,`descripcion`,`status`) values ('MI','USA','Michigan\r',1);
insert  into `sat_estado`(`id`,`id_sat_pais`,`descripcion`,`status`) values ('MIC','MEX','Michoacan\r',1);
insert  into `sat_estado`(`id`,`id_sat_pais`,`descripcion`,`status`) values ('MN','USA','Minnesota\r',1);
insert  into `sat_estado`(`id`,`id_sat_pais`,`descripcion`,`status`) values ('MO','USA','Misuri\r',1);
insert  into `sat_estado`(`id`,`id_sat_pais`,`descripcion`,`status`) values ('MOR','MEX','Morelos\r',1);
insert  into `sat_estado`(`id`,`id_sat_pais`,`descripcion`,`status`) values ('MS','USA','Misisipi\r',1);
insert  into `sat_estado`(`id`,`id_sat_pais`,`descripcion`,`status`) values ('MT','USA','Montana\r',1);
insert  into `sat_estado`(`id`,`id_sat_pais`,`descripcion`,`status`) values ('NAY','MEX','Nayarit\r',1);
insert  into `sat_estado`(`id`,`id_sat_pais`,`descripcion`,`status`) values ('NB','CAN','Nuevo Brunswick \r',1);
insert  into `sat_estado`(`id`,`id_sat_pais`,`descripcion`,`status`) values ('NC','USA','Carolina del Norte\r',1);
insert  into `sat_estado`(`id`,`id_sat_pais`,`descripcion`,`status`) values ('ND','USA','Dakota del Norte\r',1);
insert  into `sat_estado`(`id`,`id_sat_pais`,`descripcion`,`status`) values ('NE','USA','Nebraska\r',1);
insert  into `sat_estado`(`id`,`id_sat_pais`,`descripcion`,`status`) values ('NH','USA','Nuevo Hampshire\r',1);
insert  into `sat_estado`(`id`,`id_sat_pais`,`descripcion`,`status`) values ('NJ','USA','Nueva Jersey\r',1);
insert  into `sat_estado`(`id`,`id_sat_pais`,`descripcion`,`status`) values ('NL','CAN',' Terranova y Labrador\r',1);
insert  into `sat_estado`(`id`,`id_sat_pais`,`descripcion`,`status`) values ('NLE','MEX','Nuevo Leon\r',1);
insert  into `sat_estado`(`id`,`id_sat_pais`,`descripcion`,`status`) values ('NM','USA','Nuevo Mexico\r',1);
insert  into `sat_estado`(`id`,`id_sat_pais`,`descripcion`,`status`) values ('NS','CAN',' Nueva Escocia\r',1);
insert  into `sat_estado`(`id`,`id_sat_pais`,`descripcion`,`status`) values ('NT','CAN',' Territorios del Noroeste\r',1);
insert  into `sat_estado`(`id`,`id_sat_pais`,`descripcion`,`status`) values ('NV','USA','Nevada\r',1);
insert  into `sat_estado`(`id`,`id_sat_pais`,`descripcion`,`status`) values ('NY','USA','Nueva York\r',1);
insert  into `sat_estado`(`id`,`id_sat_pais`,`descripcion`,`status`) values ('OAX','MEX','Oaxaca\r',1);
insert  into `sat_estado`(`id`,`id_sat_pais`,`descripcion`,`status`) values ('OH','USA','Ohio\r',1);
insert  into `sat_estado`(`id`,`id_sat_pais`,`descripcion`,`status`) values ('OK','USA','Oklahoma\r',1);
insert  into `sat_estado`(`id`,`id_sat_pais`,`descripcion`,`status`) values ('ON','CAN','Ontario \r',1);
insert  into `sat_estado`(`id`,`id_sat_pais`,`descripcion`,`status`) values ('OR','USA','Oregon\r',1);
insert  into `sat_estado`(`id`,`id_sat_pais`,`descripcion`,`status`) values ('PA','USA','Pensilvania\r',1);
insert  into `sat_estado`(`id`,`id_sat_pais`,`descripcion`,`status`) values ('PE','CAN',' Isla del Principe Eduardo\r',1);
insert  into `sat_estado`(`id`,`id_sat_pais`,`descripcion`,`status`) values ('PUE','MEX','Puebla\r',1);
insert  into `sat_estado`(`id`,`id_sat_pais`,`descripcion`,`status`) values ('QC','CAN',' Quebec \r',1);
insert  into `sat_estado`(`id`,`id_sat_pais`,`descripcion`,`status`) values ('QUE','MEX','Queretaro\r',1);
insert  into `sat_estado`(`id`,`id_sat_pais`,`descripcion`,`status`) values ('RI','USA','Rhode Island\r',1);
insert  into `sat_estado`(`id`,`id_sat_pais`,`descripcion`,`status`) values ('ROO','MEX','Quintana Roo\r',1);
insert  into `sat_estado`(`id`,`id_sat_pais`,`descripcion`,`status`) values ('SC','USA','Carolina del Sur\r',1);
insert  into `sat_estado`(`id`,`id_sat_pais`,`descripcion`,`status`) values ('SD','USA','Dakota del Sur\r',1);
insert  into `sat_estado`(`id`,`id_sat_pais`,`descripcion`,`status`) values ('SIN','MEX','Sinaloa\r',1);
insert  into `sat_estado`(`id`,`id_sat_pais`,`descripcion`,`status`) values ('SK','CAN',' Saskatchewan\r',1);
insert  into `sat_estado`(`id`,`id_sat_pais`,`descripcion`,`status`) values ('SLP','MEX','San Luis Potosi\r',1);
insert  into `sat_estado`(`id`,`id_sat_pais`,`descripcion`,`status`) values ('SON','MEX','Sonora\r',1);
insert  into `sat_estado`(`id`,`id_sat_pais`,`descripcion`,`status`) values ('TAB','MEX','Tabasco\r',1);
insert  into `sat_estado`(`id`,`id_sat_pais`,`descripcion`,`status`) values ('TAM','MEX','Tamaulipas\r',1);
insert  into `sat_estado`(`id`,`id_sat_pais`,`descripcion`,`status`) values ('TLA','MEX','Tlaxcala\r',1);
insert  into `sat_estado`(`id`,`id_sat_pais`,`descripcion`,`status`) values ('TN','USA','Tennessee\r',1);
insert  into `sat_estado`(`id`,`id_sat_pais`,`descripcion`,`status`) values ('TX','USA','Texas\r',1);
insert  into `sat_estado`(`id`,`id_sat_pais`,`descripcion`,`status`) values ('UN','CAN',' Nunavut',1);
insert  into `sat_estado`(`id`,`id_sat_pais`,`descripcion`,`status`) values ('UT','USA','Utah\r',1);
insert  into `sat_estado`(`id`,`id_sat_pais`,`descripcion`,`status`) values ('VA','USA','Virginia\r',1);
insert  into `sat_estado`(`id`,`id_sat_pais`,`descripcion`,`status`) values ('VER','MEX','Veracruz\r',1);
insert  into `sat_estado`(`id`,`id_sat_pais`,`descripcion`,`status`) values ('VT','USA','Vermont\r',1);
insert  into `sat_estado`(`id`,`id_sat_pais`,`descripcion`,`status`) values ('WA','USA','Washington\r',1);
insert  into `sat_estado`(`id`,`id_sat_pais`,`descripcion`,`status`) values ('WI','USA','Wisconsin\r',1);
insert  into `sat_estado`(`id`,`id_sat_pais`,`descripcion`,`status`) values ('WV','USA','Virginia Occidental\r',1);
insert  into `sat_estado`(`id`,`id_sat_pais`,`descripcion`,`status`) values ('WY','USA','Wyoming\r',1);
insert  into `sat_estado`(`id`,`id_sat_pais`,`descripcion`,`status`) values ('YT','CAN',' Yukon\r',1);
insert  into `sat_estado`(`id`,`id_sat_pais`,`descripcion`,`status`) values ('YUC','MEX','Yucatan\r',1);
insert  into `sat_estado`(`id`,`id_sat_pais`,`descripcion`,`status`) values ('ZAC','MEX','Zacatecas\r',1);

/*Data for the table `sat_formapago` */

insert  into `sat_formapago`(`id`,`descripcion`,`status`) values ('01','EFECTIVO',1);
insert  into `sat_formapago`(`id`,`descripcion`,`status`) values ('02','CHEQUE',1);
insert  into `sat_formapago`(`id`,`descripcion`,`status`) values ('03','TRANSFERENCIA',1);
insert  into `sat_formapago`(`id`,`descripcion`,`status`) values ('04','TARJETA CREDITO',1);
insert  into `sat_formapago`(`id`,`descripcion`,`status`) values ('05','MONEDERO ELECTRONICO',1);
insert  into `sat_formapago`(`id`,`descripcion`,`status`) values ('08','VALES DE DESPENSA',1);
insert  into `sat_formapago`(`id`,`descripcion`,`status`) values ('28','TARJETA DEBITO',1);

/*Data for the table `sat_metodopago` */

insert  into `sat_metodopago`(`id`,`descripcion`,`text`,`version`,`orden`,`status`) values ('ANT','Anticipo del bien o servicio','ANTICIPO','4.0',3,1);
insert  into `sat_metodopago`(`id`,`descripcion`,`text`,`version`,`orden`,`status`) values ('COT','Cotizacion del bien o servicio','COTIZACION','4.0',4,1);
insert  into `sat_metodopago`(`id`,`descripcion`,`text`,`version`,`orden`,`status`) values ('PPD','Pago en parcialidades o diferido','CREDITO','4.0',2,1);
insert  into `sat_metodopago`(`id`,`descripcion`,`text`,`version`,`orden`,`status`) values ('PUE','Pago en una sola exhibicion','CONTADO','4.0',1,1);

/*Data for the table `sat_pais` */

insert  into `sat_pais`(`id`,`descripcion`,`status`) values ('CAN','Canada',1);
insert  into `sat_pais`(`id`,`descripcion`,`status`) values ('MEX','Mexico',1);
insert  into `sat_pais`(`id`,`descripcion`,`status`) values ('USA','Estados Unidos',1);

/*Data for the table `sat_regimenfiscal` */

insert  into `sat_regimenfiscal`(`id`,`clave`,`descripcion`,`status`) values (1,601,'General de Ley Personas Morales',1);
insert  into `sat_regimenfiscal`(`id`,`clave`,`descripcion`,`status`) values (2,603,'Personas Morales con Fines no Lucrativos',1);
insert  into `sat_regimenfiscal`(`id`,`clave`,`descripcion`,`status`) values (3,605,'Sueldos y Salarios e Ingresos Asimilados a Salarios',1);
insert  into `sat_regimenfiscal`(`id`,`clave`,`descripcion`,`status`) values (4,606,'Arrendamiento',1);
insert  into `sat_regimenfiscal`(`id`,`clave`,`descripcion`,`status`) values (5,607,'Régimen de Enajenación o Adquisición de Bienes',1);
insert  into `sat_regimenfiscal`(`id`,`clave`,`descripcion`,`status`) values (6,608,'Demás ingresos',1);
insert  into `sat_regimenfiscal`(`id`,`clave`,`descripcion`,`status`) values (7,610,'Residentes en el Extranjero sin Establecimiento Permanente en México',1);
insert  into `sat_regimenfiscal`(`id`,`clave`,`descripcion`,`status`) values (8,611,'Ingresos por Dividendos (socios y accionistas)',1);
insert  into `sat_regimenfiscal`(`id`,`clave`,`descripcion`,`status`) values (9,612,'Personas Físicas con Actividades Empresariales y Profesionales',1);
insert  into `sat_regimenfiscal`(`id`,`clave`,`descripcion`,`status`) values (10,614,'Ingresos por intereses',1);
insert  into `sat_regimenfiscal`(`id`,`clave`,`descripcion`,`status`) values (11,615,'Régimen de los ingresos por obtención de premios',1);
insert  into `sat_regimenfiscal`(`id`,`clave`,`descripcion`,`status`) values (12,616,'Sin obligaciones fiscales',1);
insert  into `sat_regimenfiscal`(`id`,`clave`,`descripcion`,`status`) values (13,620,'Sociedades Cooperativas de Producción que optan por diferir sus ingresos',1);
insert  into `sat_regimenfiscal`(`id`,`clave`,`descripcion`,`status`) values (14,621,'Incorporación Fiscal',1);
insert  into `sat_regimenfiscal`(`id`,`clave`,`descripcion`,`status`) values (15,622,'Actividades Agrícolas',1);
insert  into `sat_regimenfiscal`(`id`,`clave`,`descripcion`,`status`) values (16,623,'Opcional para Grupos de Sociedades',1);
insert  into `sat_regimenfiscal`(`id`,`clave`,`descripcion`,`status`) values (17,624,'Coordinados',1);
insert  into `sat_regimenfiscal`(`id`,`clave`,`descripcion`,`status`) values (18,625,'Régimen de las Actividades Empresariales con ingresos a través de Plataformas Tecnológicas',1);
insert  into `sat_regimenfiscal`(`id`,`clave`,`descripcion`,`status`) values (19,626,'Régimen Simplificado de Confianza',1);

/*Data for the table `sat_tipofigura` */

insert  into `sat_tipofigura`(`id`,`descripcion`,`status`) values ('01','Operador',1);
insert  into `sat_tipofigura`(`id`,`descripcion`,`status`) values ('02','Propietario',1);
insert  into `sat_tipofigura`(`id`,`descripcion`,`status`) values ('03','Arrendador',1);
insert  into `sat_tipofigura`(`id`,`descripcion`,`status`) values ('04','Notificado',1);

/*Data for the table `sat_tipopermisosct` */

insert  into `sat_tipopermisosct`(`id`,`descripcion`,`clavetransporte`,`status`) values ('TPAF01','Autotransporte Federal de carga general.','01\r',1);
insert  into `sat_tipopermisosct`(`id`,`descripcion`,`clavetransporte`,`status`) values ('TPAF02','Transporte privado de carga.','01\r',1);
insert  into `sat_tipopermisosct`(`id`,`descripcion`,`clavetransporte`,`status`) values ('TPAF03','Autotransporte Federal de Carga Especializada de materiales y residuos peligrosos.','01\r',1);
insert  into `sat_tipopermisosct`(`id`,`descripcion`,`clavetransporte`,`status`) values ('TPAF04','Transporte de automóviles sin rodar en vehículo tipo góndola.','01\r',1);
insert  into `sat_tipopermisosct`(`id`,`descripcion`,`clavetransporte`,`status`) values ('TPAF05','Transporte de carga de gran peso y/o volumen de hasta 90 toneladas.','01\r',1);
insert  into `sat_tipopermisosct`(`id`,`descripcion`,`clavetransporte`,`status`) values ('TPAF06','Transporte de carga especializada de gran peso y/o volumen de más 90 toneladas.','01\r',1);
insert  into `sat_tipopermisosct`(`id`,`descripcion`,`clavetransporte`,`status`) values ('TPAF07','Transporte Privado de materiales y residuos peligrosos.','01\r',1);
insert  into `sat_tipopermisosct`(`id`,`descripcion`,`clavetransporte`,`status`) values ('TPAF08','Autotransporte internacional de carga de largo recorrido.','01\r',1);
insert  into `sat_tipopermisosct`(`id`,`descripcion`,`clavetransporte`,`status`) values ('TPAF09','Autotransporte internacional de carga especializada de materiales y residuos peligrosos de largo recorrido.','01\r',1);
insert  into `sat_tipopermisosct`(`id`,`descripcion`,`clavetransporte`,`status`) values ('TPAF10','Autotransporte Federal de Carga General cuyo ámbito de aplicación comprende la franja fronteriza con Estados Unidos.','01\r',1);
insert  into `sat_tipopermisosct`(`id`,`descripcion`,`clavetransporte`,`status`) values ('TPAF11','Autotransporte Federal de Carga Especializada cuyo ámbito de aplicación comprende la franja fronteriza con Estados Unidos.','01\r',1);
insert  into `sat_tipopermisosct`(`id`,`descripcion`,`clavetransporte`,`status`) values ('TPAF12','Servicio auxiliar de arrastre en las vías generales de comunicación.','01\r',1);
insert  into `sat_tipopermisosct`(`id`,`descripcion`,`clavetransporte`,`status`) values ('TPAF13','Servicio auxiliar de servicios de arrastre arrastre y salvamento y depósito de vehículos en las vías generales de comunicación.','01\r',1);
insert  into `sat_tipopermisosct`(`id`,`descripcion`,`clavetransporte`,`status`) values ('TPAF14','Servicio de paquetería y mensajería en las vías generales de comunicación.','01\r',1);
insert  into `sat_tipopermisosct`(`id`,`descripcion`,`clavetransporte`,`status`) values ('TPAF15','Transporte especial para el tránsito de grúas industriales con peso máximo de 90 toneladas.','01\r',1);
insert  into `sat_tipopermisosct`(`id`,`descripcion`,`clavetransporte`,`status`) values ('TPAF16','Servicio federal para empresas arrendadoras servicio público federal.','01\r',1);
insert  into `sat_tipopermisosct`(`id`,`descripcion`,`clavetransporte`,`status`) values ('TPAF17','Empresas trasladistas de vehículos nuevos.','01\r',1);
insert  into `sat_tipopermisosct`(`id`,`descripcion`,`clavetransporte`,`status`) values ('TPAF18','Empresas fabricantes o distribuidoras de vehículos nuevos.','01\r',1);
insert  into `sat_tipopermisosct`(`id`,`descripcion`,`clavetransporte`,`status`) values ('TPAF19','Autorización expresa para circular en los caminos y puentes de jurisdicción federal con configuraciones de tractocamión doblemente articulado.','01\r',1);
insert  into `sat_tipopermisosct`(`id`,`descripcion`,`clavetransporte`,`status`) values ('TPAF20','Autotransporte Federal de Carga Especializada de fondos y valores.','01\r',1);
insert  into `sat_tipopermisosct`(`id`,`descripcion`,`clavetransporte`,`status`) values ('TPTA01','Concesión y/o autorización para el servicio regular nacional y/o internacional para empresas mexicanas','03\r',1);
insert  into `sat_tipopermisosct`(`id`,`descripcion`,`clavetransporte`,`status`) values ('TPTA02','Permiso para el servicio aéreo regular de empresas extranjeras','03\r',1);
insert  into `sat_tipopermisosct`(`id`,`descripcion`,`clavetransporte`,`status`) values ('TPTA03','Permiso para el servicio nacional e internacional no regular de fletamento','03\r',1);
insert  into `sat_tipopermisosct`(`id`,`descripcion`,`clavetransporte`,`status`) values ('TPTA04','Permiso para el servicio nacional e internacional no regular de taxi aéreo','03\r',1);
insert  into `sat_tipopermisosct`(`id`,`descripcion`,`clavetransporte`,`status`) values ('TPTM01','Permiso temporal para navegación de cabotaje','02\r',1);
insert  into `sat_tipopermisosct`(`id`,`descripcion`,`clavetransporte`,`status`) values ('TPXX00','Permiso no contemplado en el catálogo.','010203',1);

/*Data for the table `sat_usocfdi` */

insert  into `sat_usocfdi`(`id`,`clave`,`descripcion`,`status`) values (1,'G01','Adquisición de mercancías.',1);
insert  into `sat_usocfdi`(`id`,`clave`,`descripcion`,`status`) values (2,'G02','Devoluciones descuentos o bonificaciones.',1);
insert  into `sat_usocfdi`(`id`,`clave`,`descripcion`,`status`) values (3,'G03','Gastos en general.',1);
insert  into `sat_usocfdi`(`id`,`clave`,`descripcion`,`status`) values (4,'I01','Construcciones.',1);
insert  into `sat_usocfdi`(`id`,`clave`,`descripcion`,`status`) values (5,'I02','Mobiliario y equipo de oficina por inversiones.',1);
insert  into `sat_usocfdi`(`id`,`clave`,`descripcion`,`status`) values (6,'I03','Equipo de transporte.',1);
insert  into `sat_usocfdi`(`id`,`clave`,`descripcion`,`status`) values (7,'I04','Equipo de computo y accesorios.',1);
insert  into `sat_usocfdi`(`id`,`clave`,`descripcion`,`status`) values (8,'I05','Dados',1);
insert  into `sat_usocfdi`(`id`,`clave`,`descripcion`,`status`) values (9,'I06','Comunicaciones telefónicas.',1);
insert  into `sat_usocfdi`(`id`,`clave`,`descripcion`,`status`) values (10,'I07','Comunicaciones satelitales.',1);
insert  into `sat_usocfdi`(`id`,`clave`,`descripcion`,`status`) values (11,'I08','Otra maquinaria y equipo.',1);
insert  into `sat_usocfdi`(`id`,`clave`,`descripcion`,`status`) values (12,'D01','Honorarios médicos dentales y gastos hospitalarios.',1);
insert  into `sat_usocfdi`(`id`,`clave`,`descripcion`,`status`) values (13,'D02','Gastos médicos por incapacidad o discapacidad.',1);
insert  into `sat_usocfdi`(`id`,`clave`,`descripcion`,`status`) values (14,'D03','Gastos funerales.',1);
insert  into `sat_usocfdi`(`id`,`clave`,`descripcion`,`status`) values (15,'D04','Donativos.',1);
insert  into `sat_usocfdi`(`id`,`clave`,`descripcion`,`status`) values (16,'D05','Intereses reales efectivamente pagados por créditos hipotecarios (casa habitación).',1);
insert  into `sat_usocfdi`(`id`,`clave`,`descripcion`,`status`) values (17,'D06','Aportaciones voluntarias al SAR.',1);
insert  into `sat_usocfdi`(`id`,`clave`,`descripcion`,`status`) values (18,'D07','Primas por seguros de gastos médicos.',1);
insert  into `sat_usocfdi`(`id`,`clave`,`descripcion`,`status`) values (19,'D08','Gastos de transportación escolar obligatoria.',1);
insert  into `sat_usocfdi`(`id`,`clave`,`descripcion`,`status`) values (20,'D09','Depósitos en cuentas para el ahorro primas que tengan como base planes de pensiones.',1);
insert  into `sat_usocfdi`(`id`,`clave`,`descripcion`,`status`) values (21,'D10','Pagos por servicios educativos (colegiaturas).',1);
insert  into `sat_usocfdi`(`id`,`clave`,`descripcion`,`status`) values (22,'S01','Sin efectos fiscales.  ',1);
insert  into `sat_usocfdi`(`id`,`clave`,`descripcion`,`status`) values (23,'CP01','Pagos',1);
insert  into `sat_usocfdi`(`id`,`clave`,`descripcion`,`status`) values (24,'CN01','Nómina',1);

/*Data for the table `sys_direccion` */

insert  into `sys_direccion`(`id`,`calle`,`numexterior`,`numinterior`,`cp`,`colonia`,`municipio`,`localidad`,`estado`,`pais`,`tipo`,`timestamp`,`status`) values (1,'9a Sur','587','','29080','0218','101','04','CHP','MEX',1,'2024-01-07 14:09:13',1);
insert  into `sys_direccion`(`id`,`calle`,`numexterior`,`numinterior`,`cp`,`colonia`,`municipio`,`localidad`,`estado`,`pais`,`tipo`,`timestamp`,`status`) values (2,'BOULEVARD BELISARIO DOMINGUEZ','436','','29050','0146','101','04','CHP','MEX',1,'2024-01-07 14:23:52',1);

/*Data for the table `sys_empresa` */

insert  into `sys_empresa`(`id`,`descripcion`,`razonsocial`,`rfc`,`direccion`,`cp`,`email`,`telefono`,`id_sat_regimenfiscal`,`nocertificado`,`numpermisosct`,`permisosct`,`logo`,`serie`,`folio`,`timestamp`,`status`,`env`) values (1,'MATRIX','LUISA MARIA RUIZ VARGAS','RUVL810825597','AV. SUR FRANCISCO SARABIA # 1307 CP.30560 COLONIA CENTRO, MAPASTEPEC CHIAPAS.','29050',NULL,NULL,'612','00001000000505572166','11111','TPAF01','logopivaz.jpg','TRAS',2,'2024-01-08 01:17:35',1,'prod');

/*Data for the table `tpv_almacen` */

insert  into `tpv_almacen`(`id`,`id_almacenprediction`,`descripcion`,`telefono`,`email`,`id_sys_empresa`,`latitud`,`longitud`,`id_sys_direccion`,`timestamp`,`status`,`serie`,`folio`) values (1,748,'MATRIX GENESIS',NULL,NULL,1,NULL,NULL,1,'2024-01-07 14:09:13',1,'',1);
insert  into `tpv_almacen`(`id`,`id_almacenprediction`,`descripcion`,`telefono`,`email`,`id_sys_empresa`,`latitud`,`longitud`,`id_sys_direccion`,`timestamp`,`status`,`serie`,`folio`) values (2,10787,'MATRIX LAURELES',NULL,NULL,1,NULL,NULL,2,'2024-01-07 14:28:20',1,'',1);

/*Data for the table `tpv_cartaporte` */

insert  into `tpv_cartaporte`(`id`,`idprediction`,`serie`,`folio`,`id_cat_vehiculo`,`id_tpv_almacen_origen`,`fecha_envio`,`id_tpv_almacen_destino`,`fecha_llegada`,`id_cat_operador`,`distancia`,`pesobruto`,`tipopermisosct`,`permisosct`,`fecha`,`hora`,`uuid`,`status`) values (1,1881536,'TRAS',1,1,748,'2024-01-07',10787,'2024-01-07',1,7.00,NULL,'TPAF01','11111','2024-01-07','09:45:51','1DC244D9-F3EB-50FC-A2C7-C00ED22C3A50',1);

/*!40101 SET SQL_MODE=@OLD_SQL_MODE */;
/*!40014 SET FOREIGN_KEY_CHECKS=@OLD_FOREIGN_KEY_CHECKS */;
/*!40014 SET UNIQUE_CHECKS=@OLD_UNIQUE_CHECKS */;
/*!40111 SET SQL_NOTES=@OLD_SQL_NOTES */;
